{"id":43,"date":"2014-05-10T21:16:34","date_gmt":"2014-05-10T19:16:34","guid":{"rendered":"http:\/\/check-sys.de\/fewo-huelsmann\/?page_id=43"},"modified":"2018-01-03T21:35:14","modified_gmt":"2018-01-03T20:35:14","slug":"waterkant","status":"publish","type":"page","link":"https:\/\/www.fewo-huelsmann.de\/?page_id=43","title":{"rendered":"Waterkant"},"content":{"rendered":"<div id=\"metaslider-id-186\" style=\"max-width: 466px;\" class=\"ml-slider-3-24-0 metaslider metaslider-coin metaslider-186 ml-slider\">\n    <div id=\"metaslider_container_186\">\n        <div id='metaslider_186' class='coin-slider'>\n<a href=\"javascript:void(0)\" target=\"_self\"><img src=\"https:\/\/www.fewo-huelsmann.de\/wp-content\/uploads\/2014\/05\/Waterkant-K\u00fcche-e1515011405549-466x300.jpg\" height=\"300\" width=\"466\" alt=\"\" class=\"slider-186 slide-188\" style=\"display: none;\" \/><\/a>\n<a href=\"javascript:void(0)\" target=\"_self\"><img src=\"https:\/\/www.fewo-huelsmann.de\/wp-content\/uploads\/2014\/05\/Waterkant-e1515011429872-466x300.jpg\" height=\"300\" width=\"466\" alt=\"\" class=\"slider-186 slide-189\" style=\"display: none;\" \/><\/a>\n<a href=\"javascript:void(0)\" target=\"_self\"><img src=\"https:\/\/www.fewo-huelsmann.de\/wp-content\/uploads\/2014\/05\/Waterkant-Wohnk.-e1515011470544-466x300.jpg\" height=\"300\" width=\"466\" alt=\"\" class=\"slider-186 slide-190\" style=\"display: none;\" \/><\/a>\n<a href=\"javascript:void(0)\" target=\"_self\"><img src=\"https:\/\/www.fewo-huelsmann.de\/wp-content\/uploads\/2014\/05\/Waterkant-Fewo-006-e1515011490756-466x300.jpg\" height=\"300\" width=\"466\" alt=\"\" class=\"slider-186 slide-191\" style=\"display: none;\" \/><\/a>\n        <\/div>\n        \n    <\/div>\n<\/div>\n<p>&nbsp;<\/p>\n<p>F\u00fcr 3 bis 5 Personen,<\/p>\n<p>2 Schlafzimmer in der Wohnung, Wohnraum mit K\u00fcchenzeile, Couch- und Essgarnitur, Bad mit Dusche und Wanne, Flur, ca. 55 qm gro\u00df, zus\u00e4tzlich ein 3. Schlafzimmer 1 Stockwerk h\u00f6her,<\/p>\n<p>Preise: Ab 55,&#8211; Euro pro Tag, ab 3 Tage, je nach Personenzahl und Mietdauer.<\/p>\n<p>Auch Einzel\u00fcbernachtungen.<\/p>\n<p>F\u00fcr Anmietung, Wochen, Monate, (Monteure) bieten f\u00fcr auch Sonderpreise, sprechen Sie uns an.<\/p>\n<p>Keine Endreinigung.<\/p>\n<p>F\u00fcr alle Wohnungen sind Bettw\u00e4sche, Handt\u00fccher\u00a0 und Geschirrt\u00fccher\u00a0\u00a0 im Preis enthalten,<\/p>\n<p>Alle Wohnungen haben Einzelbetten.<\/p>\n<p>&nbsp;<\/p>\n","protected":false},"excerpt":{"rendered":"<p>&nbsp; F\u00fcr 3 bis 5 Personen, 2 Schlafzimmer in der Wohnung, Wohnraum mit K\u00fcchenzeile, Couch- und Essgarnitur, Bad mit Dusche und Wanne, Flur, ca. 55 qm gro\u00df, zus\u00e4tzlich ein 3. Schlafzimmer 1 Stockwerk h\u00f6her, Preise: Ab 55,&#8211; Euro pro Tag,&hellip; <\/p>\n","protected":false},"author":1,"featured_media":0,"parent":8,"menu_order":0,"comment_status":"closed","ping_status":"closed","template":"","meta":[],"_links":{"self":[{"href":"https:\/\/www.fewo-huelsmann.de\/index.php?rest_route=\/wp\/v2\/pages\/43"}],"collection":[{"href":"https:\/\/www.fewo-huelsmann.de\/index.php?rest_route=\/wp\/v2\/pages"}],"about":[{"href":"https:\/\/www.fewo-huelsmann.de\/index.php?rest_route=\/wp\/v2\/types\/page"}],"author":[{"embeddable":true,"href":"https:\/\/www.fewo-huelsmann.de\/index.php?rest_route=\/wp\/v2\/users\/1"}],"replies":[{"embeddable":true,"href":"https:\/\/www.fewo-huelsmann.de\/index.php?rest_route=%2Fwp%2Fv2%2Fcomments&post=43"}],"version-history":[{"count":1,"href":"https:\/\/www.fewo-huelsmann.de\/index.php?rest_route=\/wp\/v2\/pages\/43\/revisions"}],"predecessor-version":[{"id":198,"href":"https:\/\/www.fewo-huelsmann.de\/index.php?rest_route=\/wp\/v2\/pages\/43\/revisions\/198"}],"up":[{"embeddable":true,"href":"https:\/\/www.fewo-huelsmann.de\/index.php?rest_route=\/wp\/v2\/pages\/8"}],"wp:attachment":[{"href":"https:\/\/www.fewo-huelsmann.de\/index.php?rest_route=%2Fwp%2Fv2%2Fmedia&parent=43"}],"curies":[{"name":"wp","href":"https:\/\/api.w.org\/{rel}","templated":true}]}}