{"id":41,"date":"2014-05-10T21:15:43","date_gmt":"2014-05-10T19:15:43","guid":{"rendered":"http:\/\/check-sys.de\/fewo-huelsmann\/?page_id=41"},"modified":"2018-01-03T21:04:31","modified_gmt":"2018-01-03T20:04:31","slug":"strandlaeufer","status":"publish","type":"page","link":"https:\/\/www.fewo-huelsmann.de\/?page_id=41","title":{"rendered":"Strandl\u00e4ufer"},"content":{"rendered":"<div id=\"metaslider-id-173\" style=\"max-width: 466px;\" class=\"ml-slider-3-24-0 metaslider metaslider-coin metaslider-173 ml-slider\">\n    <div id=\"metaslider_container_173\">\n        <div id='metaslider_173' class='coin-slider'>\n<a href=\"javascript:void(0)\" target=\"_self\"><img src=\"https:\/\/www.fewo-huelsmann.de\/wp-content\/uploads\/2018\/01\/20180102_104920-e1515009340419-466x300.jpg\" height=\"300\" width=\"466\" alt=\"\" class=\"slider-173 slide-175\" style=\"display: none;\" \/><\/a>\n<a href=\"javascript:void(0)\" target=\"_self\"><img src=\"https:\/\/www.fewo-huelsmann.de\/wp-content\/uploads\/2018\/01\/20180102_1053160-e1515009428477-466x300.jpg\" height=\"300\" width=\"466\" alt=\"\" class=\"slider-173 slide-177\" style=\"display: none;\" \/><\/a>\n<a href=\"javascript:void(0)\" target=\"_self\"><img src=\"https:\/\/www.fewo-huelsmann.de\/wp-content\/uploads\/2018\/01\/20180102_105406-e1515009508809-466x300.jpg\" height=\"300\" width=\"466\" alt=\"\" class=\"slider-173 slide-179\" style=\"display: none;\" \/><\/a>\n<a href=\"javascript:void(0)\" target=\"_self\"><img src=\"https:\/\/www.fewo-huelsmann.de\/wp-content\/uploads\/2018\/01\/20180102_105513-e1515009580476-466x300.jpg\" height=\"300\" width=\"466\" alt=\"\" class=\"slider-173 slide-181\" style=\"display: none;\" \/><\/a>\n<a href=\"javascript:void(0)\" target=\"_self\"><img src=\"https:\/\/www.fewo-huelsmann.de\/wp-content\/uploads\/2018\/01\/20180102_110025-e1515009661894-466x300.jpg\" height=\"300\" width=\"466\" alt=\"\" class=\"slider-173 slide-183\" style=\"display: none;\" \/><\/a>\n        <\/div>\n        \n    <\/div>\n<\/div>\n<div id=\"newscontent0\" class=\"areacontent\" style=\"color: #052b40;\">\n<p>&nbsp;<\/p>\n<p>F\u00fcr 2 bis 4 Personen,<\/p>\n<p>2 Schlafzimmer, Wohnraum mit K\u00fcchenzeile, Couch- und Essgarnitur, Bad mit ebenerdiger Dusche, Flur, ca. 55 qm gro\u00df, 1. Etage.<\/p>\n<p>Preise: Ab 45,&#8211; Euro pro Tag, ab 3 Tage, je nach Personenzahl und Mietdauer.<\/p>\n<p>Auch Einzel\u00fcbernachtungen.<\/p>\n<p>F\u00fcr Anmietung, Wochen, Monate, (Monteure) bieten f\u00fcr auch Sonderpreise, sprechen Sie uns an.<\/p>\n<p>Keine Endreinigung.<\/p>\n<p>F\u00fcr alle Wohnungen sind Bettw\u00e4sche, Handt\u00fccher\u00a0 und Geschirrt\u00fccher\u00a0\u00a0 im Preis enthalten,<\/p>\n<p>Alle Wohnungen haben Einzelbetten.<\/p>\n<p>&nbsp;<\/p>\n<\/div>\n","protected":false},"excerpt":{"rendered":"<p>&nbsp; F\u00fcr 2 bis 4 Personen, 2 Schlafzimmer, Wohnraum mit K\u00fcchenzeile, Couch- und Essgarnitur, Bad mit ebenerdiger Dusche, Flur, ca. 55 qm gro\u00df, 1. Etage. Preise: Ab 45,&#8211; Euro pro Tag, ab 3 Tage, je nach Personenzahl und Mietdauer. Auch&hellip; <\/p>\n","protected":false},"author":1,"featured_media":0,"parent":8,"menu_order":2,"comment_status":"closed","ping_status":"closed","template":"","meta":[],"_links":{"self":[{"href":"https:\/\/www.fewo-huelsmann.de\/index.php?rest_route=\/wp\/v2\/pages\/41"}],"collection":[{"href":"https:\/\/www.fewo-huelsmann.de\/index.php?rest_route=\/wp\/v2\/pages"}],"about":[{"href":"https:\/\/www.fewo-huelsmann.de\/index.php?rest_route=\/wp\/v2\/types\/page"}],"author":[{"embeddable":true,"href":"https:\/\/www.fewo-huelsmann.de\/index.php?rest_route=\/wp\/v2\/users\/1"}],"replies":[{"embeddable":true,"href":"https:\/\/www.fewo-huelsmann.de\/index.php?rest_route=%2Fwp%2Fv2%2Fcomments&post=41"}],"version-history":[{"count":2,"href":"https:\/\/www.fewo-huelsmann.de\/index.php?rest_route=\/wp\/v2\/pages\/41\/revisions"}],"predecessor-version":[{"id":185,"href":"https:\/\/www.fewo-huelsmann.de\/index.php?rest_route=\/wp\/v2\/pages\/41\/revisions\/185"}],"up":[{"embeddable":true,"href":"https:\/\/www.fewo-huelsmann.de\/index.php?rest_route=\/wp\/v2\/pages\/8"}],"wp:attachment":[{"href":"https:\/\/www.fewo-huelsmann.de\/index.php?rest_route=%2Fwp%2Fv2%2Fmedia&parent=41"}],"curies":[{"name":"wp","href":"https:\/\/api.w.org\/{rel}","templated":true}]}}

Strandläufer

<div id="metaslider-id-173" style="max-width: 466px;" class="ml-slider-3-24-0 metaslider metaslider-coin metaslider-173 ml-slider">
    <div id="metaslider_container_173">
        <div id='metaslider_173' class='coin-slider'>
<a href="javascript:void(0)" target="_self"><img src="https://www.fewo-huelsmann.de/wp-content/uploads/2018/01/20180102_104920-e1515009340419-466x300.jpg" height="300" width="466" alt="" class="slider-173 slide-175" style="display: none;" /></a>
<a href="javascript:void(0)" target="_self"><img src="https://www.fewo-huelsmann.de/wp-content/uploads/2018/01/20180102_1053160-e1515009428477-466x300.jpg" height="300" width="466" alt="" class="slider-173 slide-177" style="display: none;" /></a>
<a href="javascript:void(0)" target="_self"><img src="https://www.fewo-huelsmann.de/wp-content/uploads/2018/01/20180102_105406-e1515009508809-466x300.jpg" height="300" width="466" alt="" class="slider-173 slide-179" style="display: none;" /></a>
<a href="javascript:void(0)" target="_self"><img src="https://www.fewo-huelsmann.de/wp-content/uploads/2018/01/20180102_105513-e1515009580476-466x300.jpg" height="300" width="466" alt="" class="slider-173 slide-181" style="display: none;" /></a>
<a href="javascript:void(0)" target="_self"><img src="https://www.fewo-huelsmann.de/wp-content/uploads/2018/01/20180102_110025-e1515009661894-466x300.jpg" height="300" width="466" alt="" class="slider-173 slide-183" style="display: none;" /></a>
        </div>
        
    </div>
</div>
<div id="newscontent0" class="areacontent" style="color: #052b40;">
<p>&nbsp;</p>
<p>Für 2 bis 4 Personen,</p>
<p>2 Schlafzimmer, Wohnraum mit Küchenzeile, Couch- und Essgarnitur, Bad mit ebenerdiger Dusche, Flur, ca. 55 qm groß, 1. Etage.</p>
<p>Preise: Ab 45,&#8211; Euro pro Tag, ab 3 Tage, je nach Personenzahl und Mietdauer.</p>
<p>Auch Einzelübernachtungen.</p>
<p>Für Anmietung, Wochen, Monate, (Monteure) bieten für auch Sonderpreise, sprechen Sie uns an.</p>
<p>Keine Endreinigung.</p>
<p>Für alle Wohnungen sind Bettwäsche, Handtücher  und Geschirrtücher   im Preis enthalten,</p>
<p>Alle Wohnungen haben Einzelbetten.</p>
<p>&nbsp;</p>
</div>

<p>&nbsp; Für 2 bis 4 Personen, 2 Schlafzimmer, Wohnraum mit Küchenzeile, Couch- und Essgarnitur, Bad mit ebenerdiger Dusche, Flur, ca. 55 qm groß, 1. Etage. Preise: Ab 45,&#8211; Euro pro Tag, ab 3 Tage, je nach Personenzahl und Mietdauer. Auch&hellip; </p>
